divided by 13?
9
What is the remainder when 23 is divided by (-13)/(-13) + 6 + 1?
7
Let d = 251 + -178. What is the remainder when d is divided by 25?
23
Let f(d) = -6*d - 21. What is the remainder when 132 is divided by f(-8)?
24
Let q(w) = 2*w - 18. What is the remainder when 20 is divided by q(15)?
8
Suppose 3*u - 22 = -2*d + 5*u, 51 = 3*d + 3*u. Calculate the remainder when (-1)/3*(-125 - -2) is divided by d.
13
Let m(n) = 51*n - 1. Let j be m(3). Let z = j + 63. Calculate the remainder when 40 is divided by z/15 - (-1)/(-3).
12
Suppose 3*g + 2*g - 46 = 2*f, 2*g - f - 19 = 0. What is the remainder when 29 is divided by g?
5
Suppose 64 = 3*l + 2*l - 2*i, -19 = -2*l + 3*i. Suppose -4*f + 16 = -0. Calculate the remainder when (l/(-4))/((-1)/2) is divided by f.
3
Let f = -166 - -243. What is the remainder when f is divided by 40?
37
Suppose -6 = -4*a - 3*w + 6, 4*w = 0. Suppose -4*g + 12 = 2*r, -5*r + 0*g = -a*g - 17. Calculate the remainder when 6 is divided by r.
2
Suppose 165 = 4*r + 5. Calculate the remainder when r is divided by (-2916)/(-207) - (-4)/(-46).
12
Calculate the remainder when 55 is divided by -42*(16/(-6) + 2).
27
Let d(x) = 10*x - 32. What is the remainder when d(4) is divided by 6?
2
Let l = -18 + 31. What is the remainder when l is divided by 4?
1
Suppose 2*v = 39 + 37. Suppose 3*t - 9 = -0*t. Suppose -17 - 13 = -t*a. What is the remainder when v is divided by a?
8
Suppose 45 - 1 = 4*f. Let z(x) = 5*x - 5. Let c = 7 + -2. Calculate the remainder when z(c) is divided by f.
9
Calculate the remainder when -2*146/20*-5 is divided by ((-30)/(-9))/(6/45).
23
Let q(i) = -i**3 - i - 1. Let m be (-6 - -1) + 2 + -3. Let j = m - -4. What is the remainder when 25 is divided by q(j)?
7
Suppose -6 = -2*c - c. Suppose 3*f - c*v = -9, 5*v = -0*v + 15. What is the remainder when 35 is divided by (f/2)/(5/(-120))?
11
Let v = -6 - -53. Suppose 19 + 137 = 4*q. Suppose p - q = 5*z, -5*p + 4*z + 106 = -26. Calculate the remainder when v is divided by p.
23
What is the remainder when (-1)/(1 + (-80)/76) is divided by 11?
8
Let u be ((-32)/24)/(2/(-9)). Suppose -u*z = -2*z - 20. What is the remainder when 13 is divided by z?
3
Let w(o) = 34*o - 1. Let c be w(2). Suppose -2*l = -5 - c. What is the remainder when l is divided by 13?
10
Suppose g - 2*g = -3*c + 46, -3*g = -4*c + 68. Calculate the remainder when 27 is divided by (c/6)/(3/18).
13
Suppose j = 2*p - 9, 4*p + j - 22 = -j. Let k = -28 - -41. What is the remainder when k is divided by p?
3
Suppose -7*x + 3*x = -40. Let h(v) = -v + 4*v + 29*v**2 + 1 - 4*v. Calculate the remainder when h(1) is divided by x.
9
Suppose y - 3*a - 1 = -2*a, 5*y + a = 23. What is the remainder when 7 is divided by y?
3
Let o = 336 + -239. Let p = -51 + o. Calculate the remainder when p is divided by 16.
14
Let h(s) = -4*s - 2. Let j = 12 + -8. Let m = -7 + j. What is the remainder when 19 is divided by h(m)?
9
Let n = -42 + 79. Let w = n - 22. What is the remainder when 42 is divided by w?
12
Suppose -3*k = 2*k - 45. Suppose -20 = -4*d - 8. Suppose 5*v = d*s + 113 + 9, 0 = -4*s + 4. Calculate the remainder when v is divided by k.
7
Let v(h) = h**2 - 2*h - 4. What is the remainder when 76 is divided by v(-3)?
10
Suppose 21*y = 27*y - 42. What is the remainder when 23 is divided by y?
2
Let a(f) be the third derivative of 3*f**5/10 - f**3/3 - 2*f**2. What is the remainder when a(-2) is divided by 36?
34
Let p(j) = j**2 + 2. Let r be p(2). Calculate the remainder when 27 is divided by 9/6*40/r.
7
Suppose -14 = 3*j - 5*j. Let b(y) = y**2 - 9*y + 2. Let g = 25 - 15. Calculate the remainder when b(g) is divided by j.
5
Let g = -72 - -130. What is the remainder when g is divided by 30?
28
Suppose c + 20 - 127 = -4*i, 383 = 4*c + i. What is the remainder when c is divided by 12?
11
Let u = -41 - -56. What is the remainder when 37 is divided by u?
7
Let o(h) = 73*h**2 - h + 1. Let y be o(1). Suppose -4*b = -y - 99. What is the remainder when b is divided by 9?
7
Suppose 9*h - 144 = 3*h. What is the remainder when 70 - (0 + 0/1) is divided by h?
22
Suppose -4*w + 2*w + 9 = -i, -5*i + 32 = w. Suppose -3*y + 2*y = -4. What is the remainder when w is divided by y?
3
Let q = 42 - 19. Calculate the remainder when 1 - (-3 + 70)*-1 is divided by q.
22
Let p = -13 + 8. Let l(h) = -h**2 + h - 7. Let v(m) = -m**2 - 6. Let i(y) = p*l(y) + 6*v(y). What is the remainder when i(-3) is divided by 2?
1
Suppose 0 = 5*r - 10, -3*r = 5*x - 7*r + 3. Suppose 2*g + x = 13. Calculate the remainder when 21 is divided by g.
3
Let a(r) = 7*r + 10. Calculate the remainder when a(8) is divided by 17.
15
Suppose 0 = 3*i - 6*i + 186. Suppose -g + i = 3*g + 2*u, 4*g - 4*u = 44. Let f(l) = 9*l + 5. What is the remainder when f(4) is divided by g?
13
Suppose q = 3*g + g - 104, 5*q + 78 = 3*g. Calculate the remainder when 48 is divided by g.
22
Let r(i) = -7*i**2 + 5*i - 3. Let y be r(-4). Let d = -94 - y. Calculate the remainder when d is divided by 14.
13
Let v = 5 + -3. Suppose v*b - 4*w - 37 + 7 = 0, 0 = 4*b - 4*w - 64. What is the remainder when b is divided by 9?
8
Let g(s) = 3*s + 1. Let n(c) = c**3 + c**2 + c + 5. Let m be n(0). What is the remainder when g(m) is divided by 9?
7
Let b(v) = v + 16. Let u be b(-14). Suppose -5*r - 10 = -5*k, -28 = -2*k - u*k - r. What is the remainder when k is divided by 4?
2
Suppose 0*i - 2*r = 2*i, 0 = i - 4*r - 20. Suppose i*g - 4*s + s = -8, -5*g - 3*s - 10 = 0. Calculate the remainder when 47 is divided by ((-48)/(-9))/(g/(-6)).
15
Suppose -4*o + 90 = o. Let p(l) = l**2 - 2*l - 5. What is the remainder when o is divided by p(5)?
8
Let m = 8 + -5. Suppose -4 = -5*x + 3*x. Calculate the remainder when m is divided by x.
1
Let c = -150 - -579. What is the remainder when c is divided by 48?
45
Let m = 20 - 36. Let d = 15 - 2. Calculate the remainder when (-173)/(-7) - m/56 is divided by d.
12
Let d be (-2)/9 - 61/9. What is the remainder when (-278)/(-12) + 5/(-30) is divided by (-246)/(-21) + (-2)/d?
11
Let s be 2/9 + 25/9. Let o = s - 0. Suppose 0 = o*m - 128 + 23. Calculate the remainder when m is divided by 9.
8
Let h(x) be the second derivative of 5*x**3/6 - x. Let u = 31 + 13. Calculate the remainder when u is divided by h(3).
14
Let c(d) = d**3 + 7*d**2 - 2*d - 8. What is the remainder when 23 is divided by c(-7)?
5
Suppose 4*v - 7 = 1. What is the remainder when 62 is divided by (-1)/(v + (-43)/21)?
20
Let p(w) = w - 6. What is the remainder when 14 is divided by p(16)?
4
Let y(a) = -a**3 + 9*a**2 - 6*a + 10. Suppose -n = u - 75, 3*n + 4*u - 347 + 124 = 0. What is the remainder when n is divided by y(8)?
25
Suppose -4*z + 37 = 1. Calculate the remainder when 28 is divided by z.
1
Suppose -4*p = -3*z + 5*z - 76, 4*z + 3*p - 147 = 0. Let m = z + -20. Let a(s) = -3*s**3 + 3*s**2 + 4*s + 2. What is the remainder when a(-2) is divided by m?
14
Suppose 0*i = 3*i - 69. Let b = 40 - i. What is the remainder when b is divided by 9?
8
Let a(v) = 175*v**2 + v. Let n be a(1). Suppose -x + n = x. Calculate the remainder when x is divided by 30.
28
Let x = -55 + 88. What is the remainder when 64 is divided by x?
31
Suppose c = -c. Suppose -4*h - 2*l + 18 = -c*h, -2*l = -h + 2. What is the remainder when h is divided by 2?
0
Suppose -8*q = -3*q - 85. Calculate the remainder when q is divided by 7.
3
Suppose -2*y + 5 = -1. Suppose 0*c + 4*n = 4*c - 24, 0 = -2*c - 4*n + 30. What is the remainder when c is divided by y?
0
Let g = 39 + 17. Calculate the remainder when g is divided by 19.
18
Let t be 2 + -5 + (-186)/3. Let z = -45 - t. Calculate the remainder when z is divided by 7.
6
Let s(o) = o**3 - 7*o**2 - 6*o - 7. What is the remainder when 14*-10*(-4)/16 is divided by s(8)?
8
Let m = -277 - -429. What is the remainder when m is divided by 9?
8
Let g = -2 - 10. Let x be ((-7)/4)/(3/g). Let b = 1 + x. What is the remainder when 15 is divided by b?
7
Suppose -l + 39 = -5*k, -l + 32 + 1 = -3*k. Suppose -4*s + 447 = 171. Calculate the remainder when s is divided by l.
21
What is the remainder when -1 - ((-64)/3 - (-6)/18) is divided by 7?
6
Let k = -2 + 4. What is the remainder when k is divided by ((-1 + -2)/9)/(1/(-3))?
0
Let s = -67 + 123. Calculate the remainder when s is divided by 20.
16
Let f(q) = 3*q**3 + 5*q**2